{"id":480,"date":"2024-10-18T10:53:17","date_gmt":"2024-10-18T10:53:17","guid":{"rendered":"https:\/\/localhost\/imovago-elementor\/?page_id=480"},"modified":"2024-10-18T17:21:59","modified_gmt":"2024-10-18T17:21:59","slug":"contato","status":"publish","type":"page","link":"https:\/\/temas.imovepro.com.br\/04\/contato\/","title":{"rendered":"Contato"},"content":{"rendered":"\t\t<div data-elementor-type=\"wp-page\" data-elementor-id=\"480\" class=\"elementor elementor-480\" data-elementor-post-type=\"page\">\n\t\t\t\t<div class=\"elementor-element elementor-element-07b7a36 section-middle e-flex e-con-boxed e-con e-parent\" data-id=\"07b7a36\" data-element_type=\"container\">\n\t\t\t\t\t<div class=\"e-con-inner\">\n\t\t\t\t<div class=\"elementor-element elementor-element-f36997e elementor-widget elementor-widget-imovago_template_contact_widget\" data-id=\"f36997e\" data-element_type=\"widget\" data-widget_type=\"imovago_template_contact_widget.default\">\n\t\t\t\t<div class=\"elementor-widget-container\">\n\t\t\t\r\n<section id=\"page-480-block\" class=\"template-contact--form-contact\">\r\n\t<div>\r\n\r\n\t\t<div class=\"form-001\">\r\n\r\n\t\t\t\t<div class=\"row g-2\">\r\n\r\n                    <div class=\"d-none\">\r\n                        <input type=\"text\" id=\"name\" name=\"name\" placeholder=\"Nome\" autocomplete=\"off\" value=\"\">\r\n                        <input type=\"text\" id=\"email\" name=\"email\" placeholder=\"E-mail\" autocomplete=\"off\" value=\"\">\r\n                        <input type=\"text\" id=\"phone\" name=\"phone\" placeholder=\"Telefone\" autocomplete=\"off\" value=\"\">\r\n                    <\/div>\r\n\r\n\t\t\t\t\t<div class=\"col col-12 col-md-6\">\r\n\t\t\t\t\t\t<input class=\"form-001--field\" type=\"text\" id=\"imovago_name\" name=\"imovago_name\" placeholder=\"Nome\" autocomplete=\"off\" >\r\n\t\t\t\t\t<\/div>\r\n\r\n\t\t\t\t\t<div class=\"col col-12 col-md-6\">\r\n\t\t\t\t\t\t<input class=\"form-001--field\" type=\"text\" id=\"imovago_phone\" name=\"imovago_phone\" placeholder=\"Celular\" autocomplete=\"off\"  >\r\n\t\t\t\t\t<\/div>\r\n\r\n\t\t\t\t\t<div class=\"col col-12\">\r\n\t\t\t\t\t\t<input class=\"form-001--field\" type=\"text\" id=\"imovago_email\" name=\"imovago_email\" placeholder=\"E-mail\" autocomplete=\"off\"  >\r\n\t\t\t\t\t<\/div>\r\n\r\n\t\t\t\t\t<div class=\"col col-12 col-md-6\">\r\n\t\t\t\t\t\t<input class=\"form-001--field\" type=\"text\" id=\"imovago_state\" name=\"imovago_state\" placeholder=\"Estado\" autocomplete=\"off\"  >\r\n\t\t\t\t\t<\/div>\r\n\r\n\t\t\t\t\t<div class=\"col col-12 col-md-6\">\r\n\t\t\t\t\t\t<input class=\"form-001--field\" type=\"text\" id=\"imovago_city\" name=\"imovago_city\" placeholder=\"Cidade\" autocomplete=\"off\"  >\r\n\t\t\t\t\t<\/div>\r\n\r\n\t\t\t\t\t<div class=\"col col-12\">\r\n\t\t\t\t\t\t<textarea class=\"form-001--textarea\" id=\"imovago_message\" name=\"imovago_message\" rows=\"10\" placeholder=\"Escreva sua mensagem\"><\/textarea>\r\n\t\t\t\t\t<\/div>\r\n\r\n\t\t\t\t\t<div class=\"col col-12 my-3\">\r\n\t\t\t\t\t\t<p class=\"form-001-privacy-policy-text\">\r\n\t\t\t\t\t\t\tAo enviar esta mensagem, voc\u00ea autoriza a coleta, armazenamento, uso, recep\u00e7\u00e3o, acesso, processamento e arquivamento dos dados pessoais nos termos da Pol\u00edtica de Privacidade e confirma que leu e concordou com os termos.\t\t\t\t\t\t<\/p>\r\n\t\t\t\t\t<\/div>\r\n\r\n\r\n                    <div class=\"col col-12 mt-4 d-flex flex-row justify-content-end\">\r\n\r\n                        <div class=\"form-001-buttons\">\r\n                            <input class=\"form-001--button\" type=\"submit\" id=\"form-contact-send\" name=\"\" value=\"Enviar mensagem\">\r\n                        <\/div>\r\n\r\n\t\t\t\t\t<\/div>\r\n\r\n\t\t\t\t<\/div>\r\n\r\n\t\t<\/div>\r\n\r\n\r\n\t<\/div>\r\n<\/section>\r\n\t\t<\/div>\n\t\t\t\t<\/div>\n\t\t\t\t\t<\/div>\n\t\t\t\t<\/div>\n\t\t\t\t<\/div>\n\t\t","protected":false},"excerpt":{"rendered":"<p>Ao enviar esta mensagem, voc\u00ea autoriza a coleta, armazenamento, uso, recep\u00e7\u00e3o, acesso, processamento e arquivamento dos dados pessoais nos termos [&hellip;]<\/p>\n","protected":false},"author":1,"featured_media":0,"parent":0,"menu_order":0,"comment_status":"closed","ping_status":"closed","template":"","meta":{"footnotes":""},"class_list":["post-480","page","type-page","status-publish","hentry"],"acf":[],"_links":{"self":[{"href":"https:\/\/temas.imovepro.com.br\/04\/wp-json\/wp\/v2\/pages\/480","targetHints":{"allow":["GET"]}}],"collection":[{"href":"https:\/\/temas.imovepro.com.br\/04\/wp-json\/wp\/v2\/pages"}],"about":[{"href":"https:\/\/temas.imovepro.com.br\/04\/wp-json\/wp\/v2\/types\/page"}],"author":[{"embeddable":true,"href":"https:\/\/temas.imovepro.com.br\/04\/wp-json\/wp\/v2\/users\/1"}],"replies":[{"embeddable":true,"href":"https:\/\/temas.imovepro.com.br\/04\/wp-json\/wp\/v2\/comments?post=480"}],"version-history":[{"count":8,"href":"https:\/\/temas.imovepro.com.br\/04\/wp-json\/wp\/v2\/pages\/480\/revisions"}],"predecessor-version":[{"id":599,"href":"https:\/\/temas.imovepro.com.br\/04\/wp-json\/wp\/v2\/pages\/480\/revisions\/599"}],"wp:attachment":[{"href":"https:\/\/temas.imovepro.com.br\/04\/wp-json\/wp\/v2\/media?parent=480"}],"curies":[{"name":"wp","href":"https:\/\/api.w.org\/{rel}","templated":true}]}}